u = -405 + -596. Let c be 4/26 - 99946/u. What is the highest common divisor of 40 and c?
20
Let y(c) = c**3 - 5*c**2 + 13*c - 10. Let s be y(3). Suppose w + 2*w = 81. Let o = w - s. Calculate the highest common factor of o and 32.
16
Let l be 2*(-378)/2*(-341)/66. What is the highest common divisor of 315 and l?
63
Let y = 232 - 211. Suppose u - 5*i - y - 9 = 0, u - i - 14 = 0. Suppose -6*m + 2*m = -12, 149 = 2*z + 3*m. What is the greatest common factor of u and z?
10
Let z = 235 - 231. Suppose 5*s - 215 = -5*q, z*q - 2*s + 4*s = 170. What is the highest common divisor of q and 70?
14
Let t be (36/(-20))/(-4 - (-1939)/490). Suppose 24 + 6 = 5*r. Let w be (r/7)/(1/7). Calculate the highest common factor of t and w.
6
Suppose -7*o - 17 = 3*v, 5*v - 2*v = -o + 13. What is the greatest common factor of v and 282?
6
Let o(k) = -2*k**3 - 44*k**2 + 60*k - 44. Let h be o(-24). Calculate the greatest common divisor of 60 and h.
20
Let r be ((-3)/(-3))/(-1) - (9 + 1)*-4. Let p = -5 - -10. Suppose -p*a = 3*o - 483, 5*o - 6*a - 768 = -2*a. What is the highest common divisor of r and o?
39
Let v be (-132)/(-88)*904/12. Calculate the highest common factor of v and 904.
113
Let r(q) be the third derivative of -7*q**4/24 - 59*q**3/3 + 25*q**2. Let h be r(-22). Let f = -3 + 15. What is the highest common divisor of h and f?
12
Suppose -6*m + 26*m - 5125 = -5*m. What is the highest common divisor of 2050 and m?
205
Suppose 5*r + 4*i = 29, -3*i = -r + i + 1. Suppose 4 = -p, 0*w = -2*w - r*p - 10. Suppose w*f - 22 = -7. What is the greatest common factor of 15 and f?
3
Let a = -3976 + 4394. Let k(c) be the first derivative of 3*c**2/2 + 11*c + 1. Let q be k(9). Calculate the highest common divisor of a and q.
38
Let y(g) = 6*g + 6. Suppose -40 = -6*q + 2. Let s be y(q). Let j = 132 - 126. What is the highest common factor of j and s?
6
Let t = 195 - 139. Let g be -1*2 + (-414)/(-69). Suppose -g*s = k - 152, 0*k + s = -4*k + 563. Calculate the highest common divisor of t and k.
28
Let q = -435 + 281. Let o = -148 - q. What is the highest common factor of o and 6?
6
Suppose 81*l - 96*l = -274 - 86. Suppose -648 = -2*p - p. What is the highest common factor of l and p?
24
Suppose 0 = 4*h + 3*l - 468 - 37, -3*l = 5*h - 635. Suppose 5*m - 3*j = 372, 124*j - 119*j = -2*m + 186. What is the greatest common factor of h and m?
26
Suppose 87 - 72 = 3*g. Suppose -2*m + h + 0*h = -3, -4*m + g = -h. Let k be m/(-3) - (-150)/18. Calculate the greatest common divisor of 36 and k.
4
Let s be (-3)/((-45)/(-10))*(-1434)/4. Suppose 10*q - s = -89. Let r(f) = 6*f - 1. Let h be r(1). Calculate the greatest common divisor of q and h.
5
Let q = 389 + -204. Let z be (-4)/(-18) - 1281/(-189). Let j = q + z. Calculate the highest common divisor of j and 24.
24
Suppose l - 2*u + 3 = 0, -u + 3 = 4. Let x = -8 - l. Let w = x - -14. What is the greatest common divisor of 22 and w?
11
Let m = -6391 + 6945. Calculate the greatest common factor of m and 2.
2
Let a = -20128 + 34677. Suppose 8*u - a = -4045. Suppose 12*b = u + 367. What is the greatest common divisor of 35 and b?
35
Let b = -10596 + 12210. Calculate the greatest common divisor of b and 12.
6
Suppose -4*h + 149 = 129. Let d(l) = l**3 - 5*l**2 + 4*l - 9. Let g be d(h). Suppose -g - 285 = -4*o. Calculate the highest common divisor of o and 37.
37
Let a = 1112 + -1040. Calculate the greatest common divisor of a and 178.
2
Let h = -664 - -669. Suppose 57*u - 52*u = 3*t - 83, 0 = h*u + 5. What is the greatest common factor of 117 and t?
13
Let o(v) = v**2 - 10*v - 408. Let i be o(-20). Calculate the greatest common factor of 2784 and i.
96
Let u be 2*-1*-1 + 339066/117. Calculate the highest common divisor of u and 435.
145
Let o = 14123 - 11711. What is the greatest common factor of o and 108?
36
Let i = -11385 - -17281. What is the highest common factor of 22 and i?
22
Let t(i) = 124*i + 13. Let w be t(4). Suppose -z = 189 - w. Suppose -26*y + 22*y = -z. Calculate the greatest common factor of 32 and y.
16
Suppose 21497 = 4*k + m, -5*m - 2241 = -5*k + 24599. Calculate the greatest common divisor of k and 27.
27
Let z(v) = 15*v**2 - 20*v - 2. Suppose -3*w + m - 9 = -5*w, -3*w = -3*m + 9. Let u be z(w). What is the highest common factor of u and 42?
6
Let d be (0 + 0)*14/(-42). Suppose 4*r - 2*t - 116 = d, -2*r + t = -4*r + 62. What is the highest common divisor of r and 195?
15
Let m be ((-18)/10)/((-12)/40). Let x be 40/m*12/8. Let c = x + 110. Calculate the highest common divisor of c and 30.
30
Let n = -497 - -677. Let w be 12/(-6) - (-1 + -1). Suppose 2*f + f - 30 = w. Calculate the highest common divisor of n and f.
10
Suppose 74*i = 34*i + 840. Calculate the highest common factor of 3759 and i.
21
Let g be ((-7)/((-98)/(-408)))/(3/(-63)). Calculate the highest common divisor of 180 and g.
36
Let c = -6199 - -6205. What is the greatest common divisor of 634 and c?
2
Let o be (330 - -35) + (-6 - -1). What is the highest common divisor of 2 and o?
2
Let i(v) = -8*v + 21*v**2 - 12 + 16 + 6. Let z be i(2). Calculate the greatest common factor of z and 52.
26
Suppose 26*x = -9*x + 70. Suppose -2*c = 5*m - 1359, -m = -c - x*m + 675. What is the highest common divisor of c and 84?
84
Let j be (-20)/(-1680)*246828 - 3/7. Calculate the greatest common divisor of 3390 and j.
226
Suppose -3*l + 107 = -3*w + 638, 0 = -3*w + l + 529. Let g = -166 + w. What is the highest common divisor of 30 and g?
10
Let s = -83 + 75. Let h(y) = y**2 - y + 39. Let x be h(s). Calculate the greatest common factor of 3 and x.
3
Let o(s) = 4*s - 10. Let w be o(3). Suppose 34 = w*g + 30. Suppose 6*p = 2*p + 16. What is the highest common divisor of g and p?
2
Let s(l) = 12*l**2 + 5*l + 18. Let k = 100 - 104. Let p be s(k). What is the highest common factor of p and 30?
10
Let d be -19 + (-1 - -2) + -3. Let x = d + 62. Suppose -2303 = -10*q - 253. Calculate the greatest common factor of q and x.
41
Let i = 603 + -601. Suppose -144 = -i*m + 5*b, m - 71 + 13 = -b. Calculate the greatest common divisor of 4 and m.
2
Let y be 18/48*16 + 147/1. Let n be (10 + -22)*(-17)/2. Calculate the greatest common divisor of n and y.
51
Let g = -20927 - -20942. Let l = -104 - -224. Calculate the greatest common divisor of l and g.
15
Let g be -10*(-6)/(-20)*(-184)/6. Let s = 255 - 48. What is the greatest common divisor of g and s?
23
Let g be 4/20 - (-2 - 76/20). Suppose 2*n - 10 = -c + g, 4*c - 92 = -n. What is the highest common factor of c and 3?
3
Suppose -n + 176 = -12*n. Let r be (2/(n/(-66)))/(48/128). Calculate the greatest common factor of 88 and r.
22
Let s be (-8)/(-6)*(-1 + 7). Let l = -6643 + 6653. What is the greatest common factor of l and s?
2
Let s = -389 + 751. Let x be s/12 - 6/36. Let b = 33 + -18. What is the highest common factor of b and x?
15
Let q(s) = -8*s**2 - 595*s - 114. Let h be q(-74). What is the highest common factor of h and 621?
27
Suppose -260*p + 231*p = 61477 - 182436. What is the greatest common factor of 291 and p?
97
Suppose 175 = 4*m + 3*m. Let l be (6/15)/(1/m). Suppose 3*h = 2*h + l. Calculate the highest common divisor of h and 5.
5
Let n = 4454 - 4444. Calculate the greatest common divisor of n and 4630.
10
Let l be (-123)/(-205) - 2/((-40)/485148). What is the greatest common divisor of l and 78?
78
Let j be (17/((-34)/876))/(0 - 2). Suppose 215*n + 280 = j*n. Let m be (-2)/10 - (-564)/20. Calculate the highest common divisor of m and n.
14
Let c be 3*81/(-108)*(-12)/(-3)*-3. What is the highest common divisor of c and 41445?
27
Let m be (3/(-6))/(-8*4/960). Suppose -4*f + 5*y + 310 = 0, -6 + 87 = f - 3*y. What is the highest common divisor of f and m?
15
Let l be 12/(-40) - (-193)/10. Calculate the highest common factor of 9272 and l.
19
Let h be (1*(-11)/(-2))/((-17)/(-34)). Suppose 100 + 43 = h*t. Let n be (-453)/(-7) + 4/14. What is the greatest common factor of n and t?
13
Let m(q) = 3*q**3 - 29*q**2 + 13*q - 1. Let t be m(10). Suppose -6*h - 37 + t = 0. What is the greatest common divisor of h and 24?
8
Let f = 111269 + -111236. Let g be 660*5/(75/6). What is the greatest common divisor of f and g?
33
Let g(k) = 2*k**3 - 70*k**2 + 136*k + 39. Let f be g(33). Calculate the highest common factor of f and 2432.
19
Let g(d) =